uppose -4*m + 14 = -x*m. Let g = 8 + m. Is g a prime number?
False
Is (6/4)/(2/292)*1 a composite number?
True
Suppose 0 = 3*u + s - 450, 3*u + 4*s - 537 = -78. Is u prime?
True
Let o(l) be the first derivative of 73*l**3/3 - l**2/2 + 7*l - 9. Is o(-3) a composite number?
True
Is (-1)/10*-5*958 a prime number?
True
Let f = 1082 + -528. Is f a composite number?
True
Suppose 5*d = -1750 + 5605. Is d prime?
False
Suppose -29 = -v - 4*b, 8*b - 7 = 2*v + 3*b. Let u be -3 + 2 - v/(-3). Is ((-6)/(-12))/(u/76) a composite number?
False
Suppose f - 14999 = -5*x, 2*x - 8199 = -4*f - 2185. Is x prime?
True
Let c be (-6)/(3/1) - 1. Let l(u) = 6*u + 2. Let s be l(c). Let d = -10 - s. Is d prime?
False
Let a = 7 - -8. Is a a composite number?
True
Let x(r) = r**3 + 17*r**2 + 6*r + 17. Is x(-16) a composite number?
True
Let m be (4*-1)/(-3 - -1). Suppose 4*v = 4*p, 2 + m = -2*p + 3*v. Is (-2)/p*2 - -20 a prime number?
True
Let o(z) be the third derivative of -z**6/120 - 3*z**5/20 + 5*z**4/8 + z**3/3 + 5*z**2. Suppose 2*b + 55 = -3*b. Is o(b) a prime number?
True
Let x(r) = -r**3 - 2*r**2 - 3*r - 5. Let p be x(-4). Let q(t) = -t**2 - 9*t - 14. Let y be q(-6). Suppose -y*m + p = -1. Is m composite?
True
Let j be 10/(-4)*64/(-20). Suppose -2*q + 0 = -j. Suppose -2*z = -q*s + 2*z + 56, 0 = -3*s - 5*z + 82. Is s a composite number?
False
Let a = 38 - 23. Let n = a - -5. Suppose 2*x = -3*j + 103, x - n = 6*x. Is j prime?
True
Let o(l) = 16*l**2 + 3*l + 7. Is o(-4) a prime number?
True
Suppose 0 = m - 3 - 0. Let q(f) = -f**3 + 3*f**2 + 3*f + 4. Let h be q(m). Suppose n - h = 3*l, 3*l - l = -n + 8. Is n composite?
True
Let f(v) = -v**2 + 5*v + 2. Let w be f(5). Suppose 0 = m + w*g + 223, 1163 = -5*m + g + g. Is (1 - -1)*m/(-6) a prime number?
False
Let f = 402 + -272. Let i = -11 + f. Is i prime?
False
Suppose -h = 2*k - 60 - 129, 0 = 3*h + 15. Let o = -44 + k. Is o a composite number?
False
Suppose 0 = -4*v - 88 + 360. Let y = v - -51. Is y prime?
False
Suppose 942 = -3*w + 5*w. Is w prime?
False
Let n(x) = 16*x. Let s be n(1). Suppose -b + s = -37. Is b composite?
False
Is 1/3 - (-614)/3 a composite number?
True
Let h be (-8)/12*(-258)/4. Suppose -3*i = -h - 20. Is i prime?
False
Let d be ((-5)/(-2))/((-4)/(-8)). Let l(b) = d*b - 9 - b + b + 2*b. Is l(6) composite?
True
Let c = 5669 + -2850. Is c prime?
True
Let q(s) = s**3 + 5*s**2 + 4*s + 4. Let b(d) = d + 6. Let f be b(-10). Let c be q(f). Suppose -5*r - c*g + 54 = 0, -3*r - r + 76 = -5*g. Is r a prime number?
False
Suppose -3*a = -a - 258. Is a a composite number?
True
Suppose -4*v - 854 = -2*d - 0*v, 452 = d + 3*v. Is d a composite number?
True
Let w(u) be the third derivative of u**6/120 - u**5/15 - u**4/24 - 4*u**3/3 - u**2. Is w(6) composite?
True
Let f(c) be the third derivative of 19*c**4/24 + 5*c**3/6 - 2*c**2. Is f(6) a prime number?
False
Let v(c) = -c**2 + 3*c - 3. Let z be v(2). Is 124 + (-2 + z)*-1 composite?
False
Let q(j) = -j**3 + 4*j**2 - 3. Let t be q(4). Is 9*7 - (t - -1) composite?
True
Let z be (2/4)/((-3)/(-30)). Suppose 5*t = -4*i + 99, 48 = z*i - 3*i + 2*t. Is i composite?
True
Suppose 0 = -b + 2 + 3. Let i = 0 + b. Suppose j - 5*j = i*d - 485, -d - 4*j + 97 = 0. Is d a prime number?
True
Let f = -1 + 5. Suppose 2*g = 3*j + j + 2, -5*j = -2*g + f. Is (0 + -2 - g)*31 prime?
True
Let k(r) = -r**3 + 4*r**2 + 6*r + 6. Let f be k(5). Let h = f - 5. Is h composite?
True
Let i(h) = h**2 - 10*h + 5. Let u be i(9). Let n be u/(-6) - (-16)/3. Let x(k) = 2*k**2 - 8*k - 1. Is x(n) a composite number?
False
Let y be 3/(-3) + (0 - -1). Suppose -2*i = -i + 3, -5*p + i - 577 = y. Let b = -79 - p. Is b prime?
True
Let h(m) = m**3 - m**2 - m + 1. Let p(w) = 2*w**3 + 13*w**2 + 8*w + 8. Let g(l) = -h(l) + p(l). Is g(-9) prime?
True
Suppose r - 1 = -2*g + 5, -4*g + 10 = r. Suppose -4*f - 8 = 3*j, 5*f + 17 + 16 = r*j. Is (-4)/10 - 197/f composite?
True
Let x(d) = 5*d**2 - 3*d - 9. Let u be x(-7). Let p = -54 + u. Is p composite?
True
Let c = -3 + 5. Suppose -2*a = -3*w - 50, 73 = a + c*a - 4*w. Suppose 0 = h - 18 - a. Is h composite?
False
Let x(y) = 4*y**3 - 9*y**2 + 3*y + 4. Let o(v) = -v**3 + v**2 - v. Let l(n) = 3*o(n) + x(n). Let c be l(6). Is 55/2 + (-6)/c a composite number?
True
Suppose -595 - 3215 = -6*t. Is t a composite number?
True
Let f = 2440 + -1222. Suppose 5*w - f = -4*r, 2*r + 2*w + 3*w - 604 = 0. Is r prime?
True
Suppose u - a - 169 = 3*a, u - 2*a - 159 = 0. Is u a composite number?
False
Let k be (-4)/6 - (-55)/(-3). Let v = 98 + k. Is v composite?
False
Suppose -4*w - 3*u = -2530, -5*w - 5*u - 621 = -6*w. Is w a prime number?
True
Let x(k) = -k**3 + 8. Let n be x(0). Suppose 2 - n = -3*o. Is (0 - -1)/(o/106) a prime number?
True
Let l be (6/(-4))/(6/(-8)). Suppose 0 = -l*t + t + b + 6, 0 = -3*t - 2*b + 18. Is (-2)/4*(-26 + t) a prime number?
False
Suppose 0 = 4*s - 7 - 1. Let m be 7/s - 15/10. Let d(a) = 4*a**3 + a**2 + a. Is d(m) a prime number?
False
Let m be (3/5)/((-4)/20). Let b be (-2)/3 + m/9. Is (-3 - 0)/b + 146 a composite number?
False
Suppose 0 = 2*r + 4*t - 2150, -2*r + 1572 = -3*t - 550. Is r prime?
False
Let y(d) = -2*d - d**3 + 2*d - 2*d - 1 + 6*d**2. Let w be y(4). Let r = w + -4. Is r a prime number?
True
Let s = 6 - 0. Suppose -6 = -2*b - 3*h - 0*h, 2*h - s = -2*b. Let w = b + 3. Is w composite?
True
Suppose -3*r + 15 = -0. Suppose -27 = -r*k - 7. Suppose -2*s - 38 = -k*s. Is s prime?
True
Let v(p) = -2*p**3 - 6*p**2 - 5*p + 2. Is v(-5) a prime number?
True
Let s = -449 - -640. Is s a composite number?
False
Let a = 196 - 115. Suppose -5 = -3*o - 17, -4*o + a = b. Is b a prime number?
True
Let a = -9 - -62. Let c = 99 - a. Is c a composite number?
True
Suppose -3 + 23 = 5*y. Let m(s) = s**2 + 4*s - 2. Let h be m(-5). Suppose h*o + n = -o + 151, -5*o = -y*n - 173. Is o a composite number?
False
Let p be (-1)/(-2 - (-3)/2). Let n = p - -3. Suppose 4*y + 3*l = 213, 2*l - 113 = -2*y - n. Is y composite?
True
Suppose -8 + 0 = -2*m. Let o(y) = 212*y**2 + y + 2. Let d be o(1). Suppose 0 = -q - m*q + d. Is q composite?
False
Let n(g) = -9559*g + 237. Let o(k) = 81*k - 2. Let c(l) = -2*n(l) - 237*o(l). Is c(-1) composite?
False
Let i = 2 + -3. Let a = 1 + i. Suppose 0*b - b + 49 = a. Is b a prime number?
False
Let n = -16 + -118. Let q = -76 - n. Is q a prime number?
False
Is ((-1874)/(-5))/(4/10) a composite number?
False
Is ((-20)/(-30))/(6/6543) prime?
True
Let z(j) = 2*j**3 + 3*j + 1. Is z(2) a composite number?
False
Let k(g) = -522*g**3 + g**2 + g - 1. Is k(-1) composite?
False
Suppose 2*w = 3*w - 8. Let t(p) = -2 - 3 - 2*p - w. Is t(-10) composite?
False
Suppose -6*i = -4*i + 4*k + 72, -i + 3*k = 16. Is (-932)/i - 6/21 composite?
True
Suppose 0 = 3*x + 2*x - 25. Let l = -5 + x. Suppose -5*z - k + 178 = 0, -4*k + 15 - 3 = l. Is z composite?
True
Let v = 2046 - 1301. Is v a prime number?
False
Let a = 88 - 7. Let w = 160 - a. Is w a prime number?
True
Is (-2 - (-5487)/(-12))/((-1)/4) composite?
True
Let d be (0 + 5 - 2) + 0. Suppose 0 = d*k - 0*k - 3*l - 249, -8 = 2*l. Is k prime?
True
Is 134*(-3)/15*(-15)/6 composite?
False
Let d(x) = -x**2 - 24*x - 9. Is d(-20) a composite number?
False
Suppose 0*s = -5*s. Let h be (6/3 - -42) + s. Suppose 0 = -z + 3*z - h. Is z composite?
True
Let k(o) = o**3 + 4*o**2 + 3*o + 4. Suppose -6 = 2*t - 0*t. Let c be k(t). Suppose 2*d = -c, -d + 6*d - 32 = -2*p. Is p composite?
True
Let a be 2/(-4)*-6 + -3. Suppose b + 2*b - 477 = a. Is b a composite number?
True
Let c(l) = l**3 - l**2 - 2*l - 1. Let t be c(2). Let p(v) = 8*v**3 - 2*v**2 + 1. Let d be p(t). Let n = d - -16. Is n a composite number?
False
Let k(l) be the second derivative of -l**5/20 + 7*l**4/12 - l**3/3 - l**2/2 - 4*l. Is k(6) prime?
True
Suppose -2*q + 138 = -3*q. Let n = 233 + q. Is n a composite number?
True
Suppose -u = -i - 96, i = 2*u + 45 - 238. Is u a prime number?
True
Suppose 0 = 5*i - 5*v, 5*v = 2*v + 6. Let c = -2 - i. Is (-2)/c*(-22)/(-1) prime?
True
Let l(x) = x**3 - 8*x**2 + 9*x + 3. Is l(10) composite?
False
Let f be 1/(1/(-141))*-1. Suppose -4*i - 4*r = 16, -r = i - 2*r - 4. Suppose 3*a + i*a = f. Is a a prime number?
True
Suppose 0*p + 3 = 3*p. Let u(g) = -16*g. Let h(r) = -1. Let i(z) = p*u(z) + 5*h(z). Is i(-6) a prime number?
False
Suppose 110 + 15 = -